(-14 + 22)) + -9?
-5
What is the value of -2 + -48 + (-5338 - -5377)?
-11
What is the value of 5 + -6 + (0 - (-1 + -2)) + 369 + -381?
-10
What is 12 + (-15 - (6 + -20 - -19)) + 14 + -70?
-64
Evaluate (-55 - 5) + 57 + 47.
44
Evaluate 43 + 43 + (17 - 58) + (-1 - 10).
34
Calculate (1 - -15) + (-939 - -924).
1
(5 - 33) + (10 + 11 + -38 + 7 - -16)
-22
Evaluate (37 - (220 + -31) - -24) + (0 - -17).
-111
What is the value of 16 - (25 + 1) - (3 + 14) - -8?
-19
What is the value of 33 + 1 + (-152 - -137 - (-14 - -5))?
28
Calculate -9 + (68 - (68 + 56)).
-65
Calculate (-18 - -11) + (15 - (-16 - -14) - 10).
0
Evaluate -1 - 67 - (10923 - 10972).
-19
What is (-48 - -43) + 5 + 29?
29
What is the value of (-11 - -6) + 14 + (-9 - (9 - 11)) - 11?
-9
128 + (-30 - -22) + -59
61
Calculate 8 - ((1 - (-46 - -28)) + -2 + -2).
-7
What is (-64 - -25) + 34 + -37 + 47?
5
55 + -1 + -1 + 2 + (22 - -10) + -22
65
Calculate 10 - (0 - -17) - ((0 - (-2 - 7)) + -47).
31
Evaluate (-8 - -24) + -21 - (1 + 1 + -45).
38
What is (-18 - -9) + (12 - 15)?
-12
What is -6 - (-6 + 2 - 0) - (-3 + -45 + -8)?
54
What is -2 + 1 + 10 - (3 - -11 - 14) - 0?
9
What is -3 + 0 + (4 - (8 + -15)) + -9 - -43?
42
What is the value of -88 + (-12 - -116) - (-1 + 28)?
-11
Evaluate 29 + -10 + -12 - (-73 - (0 + -3 + 1)).
78
-4 + 17 + -61 + (-14 - 1 - -6)
-57
What is (203 - 172 - (-6 + 5)) + -104?
-72
What is (-33 + 32 + (25 - 27) - (-2 + 1)) + -11?
-13
Evaluate -16 - -27 - (19 + 12 - -8).
-28
Evaluate -10 + (-28 - -85) + (7 - -12 - 14).
52
Calculate -51 + -8 + 0 + 26 + -10 + 5.
-38
Calculate 66 - (73 + 95) - (6 - (4 + -1 + -3)).
-108
What is -10 + (5 - (1 + -3)) - (25 - -1 - -37)?
-66
18 - (-8 + 20 + 8) - (8 - (2 - 23))
-31
-32 + (0 - -1) - (49988 - 50074)
55
58 + (159 - 225) - (117 - -4)
-129
Calculate (1 - -9) + 4009 + -3977.
42
Calculate -31 + (110 - 120 - ((0 - 3) + 0 + -11)).
-27
Evaluate 9 - (265 + -282 - (-44 + (1 - -1))).
-16
Evaluate (-1 - 3) + -16 + (89 - 38 - 99).
-68
What is the value of -22 + 168 + -180 + (-2 - -17) - (0 + 1)?
-20
What is the value of (-38 - 24) + (1 + 7 - -10)?
-44
What is -71 - (-80 + 49 + -5)?
-35
What is the value of 15 - 1 - (-76 + (-22 - -143))?
-31
Evaluate 41 - (-20 - -75) - 15.
-29
Calculate 67 + 1 + -1 + -20 + 8 - 11.
44
What is 36 - -27 - 2 - 39?
22
Evaluate -18 + (66 - 64 - (-3 + 3 + 2)).
-18
What is the value of 52 - 5 - (12 + 3 + 5 + -29 + 17)?
39
What is the value of 14 + -9 + (20 - -5) + -38?
-8
-20 + -14 - 15 - (-9 + 12)
-52
What is 4 - 23 - (-11 - (-19 + 2) - 8)?
-17
Calculate (-62 + 72 - (1 + 29)) + -1 + 10 + -15.
-26
What is (-206 + 202 - (-1 + -13)) + -8?
2
Evaluate -71 + (-15 - -24 - -30) - 26.
-58
556 + -637 + (56 - 4)
-29
What is the value of 96 + ((-14 - -26) + 5 - 17) + -6?
90
What is 3 - (9 + (35 - 48)) - (2 - -95 - 0)?
-90
Calculate (-9 + 20 - -8 - 21) + (95 - (2 - 3)).
94
What is the value of (74 + -11 - 12) + -54?
-3
Evaluate -39 + 0 - (0 - -10) - -5 - -9.
-35
-4491 - -4493 - (-1 + -1 + 16 - -2)
-14
Evaluate -2 - (922 - 918 - (-1 - 10)).
-17
What is (-76 - 3) + (12 - ((-2 - -35) + (-1 - 13)))?
-86
What is -38 + (14 - 15 - -50)?
11
Calculate (5 - -1 - (7 + 4) - -13) + -75 + 8.
-59
What is (-16 + 20 - 14 - -33) + -17?
6
-51 + 1 - (-448 + 432 - (-7 + 3 + -2))
-40
Evaluate (9 - -3) + 66 + 51 + -64.
65
Evaluate 27 + (3 + -3 - (-7 + 4) - (-9 + -1)).
40
34 + -49 - -18 - -35
38
Calculate 2 - (75 + -12 + -33).
-28
What is 0 + (-45 - (-18 + 64))?
-91
Evaluate -3 + -1 + (6 - 4) + -9 + 12.
1
Calculate (-62 - -4 - 27) + -22 - (-7 + 12).
-112
2 - (4 - 2) - (23 + -108 + -19 + 25)
79
Evaluate -15 + 9 + 21 + -36.
-21
What is the value of (719 - 719) + (-48 - -2 - -3)?
-43
Evaluate -181 - -223 - (1 + 50).
-9
Evaluate (671 - 663) + (0 + (-4 - 0 - -2) - -2).
8
Calculate 26 + (8 - 29 - -37) + 5.
47
Calculate 21 - (-30 - (22 - 53)) - 42.
-22
7 + 1 + (0 - 8) - -7 - 2
5
Calculate 49 - (-1 + 7 + 24 + -41 + 22 + -18).
56
What is the value of 13 - (-12 + (-20 - -20 - -14)) - 90?
-79
What is 46 + -19 + 4 + (144 + -128 - (14 - 0))?
33
What is (22 - ((-19 - -17) + 11)) + 27?
40
Evaluate 10 + -7 - 10 - (-59 - (10 + -6 + 2)).
58
(2 - 0) + (-397 - -365) - -27
-3
Calculate (-62 - -100 - (-4 - -71)) + -1 + 16.
-14
Calculate -137 - (-113 - -87 - (0 + -2)).
-113
Calculate (-15 + (-12 - -8 - -42) - 10) + -38 + -3.
-28
Evaluate 7 + 3 + (664 - 642).
32
What is 63 + 137 + -214 - (30 - 1)?
-43
What is 646 + -594 - (-4 - -44)?
12
What is the value of -38 + -14 + -19 + 129?
58
(3 - 52) + 27 + 12
-10
What is (-12 - -15 - ((-7 - -5) + 12)) + -61?
-68
Evaluate -29 + -100 - -42 - -59.
-28
(16 - 33 - -25) + -6 + -1 + -37
-36
What is (1 - -17) + -1 - (87 + -337 - -164)?
103
Evaluate 7 + -1 - 20 - (19 + 22 - 42).
-13
What is (3494 - 3518) + (0 - 5)?
-29
Evaluate 1 - (10 - (-74 + 2 + (11 - (9 + -1)))).
-78
Calculate 64 + -82 + 55 + -7.
30
Calculate -24 + (-83 - (67 - 46)).
-128
What is (-2 - -17) + (-11 - 8) + 4 + -58?
-58
Calculate (18 - -45 - 60) + -14 + 1 + 55.
45
Calculate -31 - (0 + -34 - -12 - -13).
-22
Calculate -98 - (-124 + -73) - 31.
68
What is -37 - -14 - (-38 + 1) - -24?
38
Calculate 9 - ((-3 + 0 - (6 - 4)) + (77 - 26)).
-37
Evaluate 44 - ((39 - 41) + 62).
-16
What is the value of 50 - (3 - 4 - (-17 + 31 + -27))?
38
Calculate (55 - (-106 + 67)) + 27.
121
What is the value of (-1 - ((-10 - (4 + -40)) + 14)) + (5 - 1)?
-37
-17 - (-21 + 46 + (14 - 12 - 6))
-38
Calculate 16 + (-2 - (-10 + 2 - -9)).
13
Calculate 12 - (51 - (51 + 38)).
50
Evaluate 31 + -41 + 9 + (4 - 4).
-1
What is (-7 - (4 + 1 + 4)) + 11 + 0?
-5
What is (-22 + 13 - -7) + -4 + 22 + -8?
8
What is -28 - ((3 - 14) + 0 - (-2 + -5))?
-24
Calculate (8 - -3) + (23 - 9 - 3) + -21 + 23.
24
What is the value of -4 - 40 - (-27 - (-28 - -7) - -3 - 8)?
-33
(-53 - -26) + -18 + 51 + (1 - -9)
16
What is the value of (-27 + 20 + -41 - -26) + 23?
1
Evaluate 270 - 260 - (-4 + 7).
7
Calculate -14 + 81 - (3 - -63).
1
Evaluate -6 + 5 + 2 + -7 + 8 + -75 + 1.
-72
What is -39 + 61 + (51 + -13 - 15)?
45
What is the value of -39 - (-4 + -47 + 34)?
-22
-2 + -1 - (-73 + 215 - 61)
-84
What is 1650 + -1627 + (0 - 1)?
22
75 + (0 + -11 + 9 - -10 - (-14 - -23))
74
(37 - 64) + 78 + -62
-11
What is 81 + -124 + -21 + 94?
30
What is the value of 1 + -7 + (265 - 273) - -10?
-4
Evaluate 546 + -481 - (-4 - -73).
-4
What is 0 - (-1 + 39) - (3752 + -3728)?
-62
Evaluate -2 + -1 + ((-10 - 45) + 23 - (18 - 33)).
-20
Evaluate 31 - (59 + -118 - -131).
-41
-35 - (-141 + 90 + -39)
55
Evaluate 130 + 17 + -1 + -624 + 608 + 23.
153
What is 8 + (-3 - 0) - 12 - 33?
-40
52 + -6 + -12 - (-54 + 11)
77
-29 + (-46 - -56) - ((-5 - -11 - 6) + -14)
-5
What is the value of (75 + -25 - 10) + 25?
65
Evaluate 58 - ((8 - 10 - 29) + 32).
57
What is 1 + 9 + (-15 - (-25 - -16))?
4
Evaluate 52 + (-28 - (-14 + 77)).
-39
What is -2 + (-16 - -17) + 9 - ((2 - 48) + 0)?
54
What is -45 + 142 - (7 + (5 - (6 + 1)) - 2)?
94
Calculate 1 + -4 - (-19 + (-21 - -31 - (1 - -49))).
56
(-4 - -32 - (92 - 85)) + 11
32
Calculate (-2 - -7) + (-1 - -11 - (-599 - -613)).
1
23 + -24 + 48 - (-9 - -8 - 11)
59
Calculate 12 - ((-7 - 9 - 22 - -18) + (1 - 8)).
39
Calculate (4 - (7 - (10 + -4))) + -3 + 37.
37
What is the value of 3 + 21 + (-2 - 0) - (3003 - 2985)?
4
What is 3031 + -3033 + 0 + -59?
-61
Evaluate 20 + 0 + 54 + -62 + -153.
-141
Evaluate -3 - -13 - ((-147 - -93) + 79).
-15
What is the value of -5 - -15 - (4 + 57 - (0 - 4))?
-55
Evaluate 24 - (33 + (-58 - -34)).
15
-2 + -126 + (15159 - 14906)
125
-58 - (-14 + (10 - -5)) - -15
-44
-1 + -4 + -2 - (-7 + (-3 - 0))
3
What is the value of -801 + 692 + 45 + 4?
-60
What is (52 - 44 - 19 - -11) + (72 - -1)?
73
What is -2 + 6 + (14 - (-5 - -12)) - (1 + 52)?
-42
Calculate 2 - -37 - (72 - (0 - -70)).
37
Evaluate 32 - (32 - (6 - 2)).
4
What is 36 + -16 + 0 + (0 + 5 - 3)?
22
Calculate 245 + 78 + -214 + -22.
87
What is the value of (30 - 41 - -6) + 5 + -1 + 70 + -11?
58
1 + -48 - (27 - 38 - -25 - 11)
-50
Evaluate (-3 + 1 - (156 - 154)) + -8.
-12
Calculate (5 - 1) + (26 - 25) + (0 - 2) - 6.
-3
Evaluate 28 + -15 + -6 + -59.
-52
Evaluate (27 + 18 - 12) + (-3 - ((8 - 4) + 1)).
25
Evaluate -26 - ((-20 - -4) + -34).
24
What is the value of 13 - 52 - (-271 + 221)?
11
Calculate 0 - 96 - ((-3 - (3 - 1)) + 145 + -152).
-84
Evaluate 25 + -29 + -68 + 27 + 5.
-40
Evaluate -11 - (-11 - (-7 +